nder when 3177895 is divided by 13?
6
Calculate the remainder when 2567734 is divided by 502.
4
What is the remainder when 8090556 is divided by 1151?
177
What is the remainder when 1074347 is divided by 135?
17
Calculate the remainder when 2141001 is divided by 237856.
297
What is the remainder when 510929 is divided by 101?
71
What is the remainder when 25702234 is divided by 1427896?
106
What is the remainder when 4974997 is divided by 26322?
139
Calculate the remainder when 8056576 is divided by 6299.
155
What is the remainder when 51711 is divided by 8618?
3
What is the remainder when 989183850 is divided by 19?
17
What is the remainder when 333390 is divided by 4515?
3795
What is the remainder when 6716761 is divided by 187?
95
What is the remainder when 287107 is divided by 1403?
895
What is the remainder when 592285 is divided by 216?
13
What is the remainder when 22151887 is divided by 7155?
7
Calculate the remainder when 512098 is divided by 249522.
13054
Calculate the remainder when 30809 is divided by 1026.
29
Calculate the remainder when 1605099 is divided by 42199.
1537
Calculate the remainder when 22100 is divided by 115.
20
Calculate the remainder when 159112583 is divided by 205.
193
Calculate the remainder when 915025 is divided by 418.
23
Calculate the remainder when 11716464 is divided by 122.
72
What is the remainder when 381184 is divided by 47645?
24
Calculate the remainder when 41003 is divided by 13069.
1796
Calculate the remainder when 300559 is divided by 286.
259
Calculate the remainder when 21553926 is divided by 203.
198
What is the remainder when 175902 is divided by 1736?
566
Calculate the remainder when 410264 is divided by 301.
1
What is the remainder when 1020440 is divided by 169850?
1340
What is the remainder when 139509 is divided by 27886?
79
What is the remainder when 7349320 is divided by 57?
25
What is the remainder when 254614 is divided by 31248?
4630
Calculate the remainder when 320478 is divided by 35608.
6
What is the remainder when 2365532 is divided by 98561?
68
Calculate the remainder when 223907985 is divided by 487.
482
Calculate the remainder when 71015 is divided by 1203.
38
What is the remainder when 1441252 is divided by 127?
56
What is the remainder when 992066 is divided by 89?
72
Calculate the remainder when 747805630 is divided by 45.
40
What is the remainder when 221429 is divided by 43333?
4764
Calculate the remainder when 15721909 is divided by 795.
784
Calculate the remainder when 207075 is divided by 470.
275
Calculate the remainder when 41331 is divided by 10099.
935
Calculate the remainder when 85042 is divided by 12077.
503
What is the remainder when 50152 is divided by 50101?
51
Calculate the remainder when 957028 is divided by 70.
58
What is the remainder when 4911535 is divided by 16?
15
Calculate the remainder when 12867100 is divided by 740.
720
Calculate the remainder when 25136 is divided by 11640.
1856
What is the remainder when 3993291 is divided by 53963?
29
What is the remainder when 74266609 is divided by 3094442?
1
Calculate the remainder when 3139058 is divided by 39.
26
What is the remainder when 6352008 is divided by 14?
12
What is the remainder when 1846034 is divided by 21718?
4
What is the remainder when 7965571 is divided by 4963?
4919
What is the remainder when 6685680 is divided by 371426?
12
What is the remainder when 3014266 is divided by 64?
58
What is the remainder when 16156289 is divided by 8?
1
What is the remainder when 44079388 is divided by 11019846?
4
Calculate the remainder when 10194428 is divided by 36.
20
What is the remainder when 3137294 is divided by 277?
269
What is the remainder when 459086 is divided by 2186?
26
Calculate the remainder when 2337885 is divided by 292227.
69
What is the remainder when 4839860 is divided by 715?
25
Calculate the remainder when 6632740 is divided by 6.
4
What is the remainder when 506097 is divided by 953?
54
What is the remainder when 9816985 is divided by 587?
584
What is the remainder when 28067935 is divided by 174?
169
What is the remainder when 690298 is divided by 1038?
28
What is the remainder when 857772 is divided by 824?
812
Calculate the remainder when 16234902 is divided by 369.
9
Calculate the remainder when 666245 is divided by 5335.
4705
Calculate the remainder when 499164 is divided by 54.
42
What is the remainder when 191347 is divided by 2108?
1627
Calculate the remainder when 982974 is divided by 75554.
772
What is the remainder when 34652 is divided by 200?
52
What is the remainder when 71552510 is divided by 256?
254
Calculate the remainder when 92975 is divided by 2739.
2588
What is the remainder when 1088601800 is divided by 4171?
4168
Calculate the remainder when 24078393 is divided by 11.
9
Calculate the remainder when 581044 is divided by 190.
24
Calculate the remainder when 4987882 is divided by 621.
10
What is the remainder when 110181 is divided by 15257?
3382
Calculate the remainder when 767595 is divided by 255649.
648
Calculate the remainder when 12585325 is divided by 1602.
13
Calculate the remainder when 892076 is divided by 222944.
300
What is the remainder when 213709 is divided by 213256?
453
Calculate the remainder when 104710 is divided by 10470.
10
What is the remainder when 673037 is divided by 19228?
57
What is the remainder when 1686930 is divided by 281146?
54
What is the remainder when 29909 is divided by 14948?
13
What is the remainder when 842425 is divided by 24777?
7
Calculate the remainder when 11347 is divided by 505.
237
What is the remainder when 30336 is divided by 1064?
544
What is the remainder when 1862406 is divided by 620788?
42
Calculate the remainder when 462936 is divided by 1721.
1708
What is the remainder when 22359461 is divided by 7453150?
11
What is the remainder when 799450 is divided by 399635?
180
Calculate the remainder when 8531839 is divided by 80.
79
Calculate the remainder when 104520 is divided by 34769.
213
What is the remainder when 8726252 is divided by 3337?
3334
Calculate the remainder when 62034009 is divided by 1539.
1536
Calculate the remainder when 8817993 is divided by 322.
23
Calculate the remainder when 566912 is divided by 1016.
1000
What is the remainder when 49013 is divided by 40252?
8761
Calculate the remainder when 17482 is divided by 4130.
962
Calculate the remainder when 2609361 is divided by 12.
9
Calculate the remainder when 34371766 is divided by 582.
10
What is the remainder when 68516 is divided by 11297?
734
What is the remainder when 51097197 is divided by 550?
547
What is the remainder when 66986563 is divided by 72?
67
Calculate the remainder when 15842 is divided by 273.
8
Calculate the remainder when 255946 is divided by 121.
31
What is the remainder when 12862419 is divided by 43?
1
Calculate the remainder when 394013 is divided by 5154.
2309
Calculate the remainder when 3400374 is divided by 43594.
42
Calculate the remainder when 777913 is divided by 98.
87
Calculate the remainder when 21404367 is divided by 30.
27
Calculate the remainder when 99679838 is divided by 16.
14
What is the remainder when 62433 is divided by 10135?
1623
Calculate the remainder when 357765 is divided by 1084.
45
Calculate the remainder when 179718 is divided by 29875.
468
What is the remainder when 78200 is divided by 39096?
8
Calculate the remainder when 78705556 is divided by 78705518.
38
What is the remainder when 107197 is divided by 25646?
4613
Calculate the remainder when 21236440 is divided by 16211.
30
What is the remainder when 56301 is divided by 2165?
11
What is the remainder when 211414 is divided by 157?
92
What is the remainder when 631476 is divided by 5400?
5076
What is the remainder when 8019306 is divided by 1841?
1751
Calculate the remainder when 107841 is divided by 241.
114
Calculate the remainder when 2127597 is divided by 19.
15
What is the remainder when 102019 is divided by 419?
202
What is the remainder when 349020 is divided by 33?
12
What is the remainder when 5849302 is divided by 32136?
550
Calculate the remainder when 19679375 is divided by 1505.
1500
What is the remainder when 378378809 is divided by 3443?
3438
What is the remainder when 1570684 is divided by 523557?
13
What is the re